{"id":165,"date":"2018-01-25T17:11:18","date_gmt":"2018-01-25T17:11:18","guid":{"rendered":"http:\/\/www.ros-software.de\/wpcms\/?page_id=165"},"modified":"2024-06-26T11:54:04","modified_gmt":"2024-06-26T11:54:04","slug":"teatro-5-download-de","status":"publish","type":"page","link":"https:\/\/www.ros-software.de\/wpcms\/de\/teatro-5-download-de\/","title":{"rendered":"Teatro 5 Download"},"content":{"rendered":"<div><span style=\"font-size: 20px;\">Teatro 5 f\u00fcr Windows 10\/11 (32\/64Bit):<\/span><\/div>\n<div><span style=\"font-size: 16px;\">\u00a0<\/span><\/div>\n<div><span style=\"font-size: 16px;\"><a href=\"http:\/\/www.ros-software.de\/download\/Teatro%205.9.0%20Setup.exe\">Teatro 5.9.0<\/a><\/span><\/div>\n<div><span class=\"rvts48\" style=\"font-size: 12px;\"><span class=\"rvts8\">(Ohne Lizenz ist diese Version ohne Einschr\u00e4nkungen f\u00fcr 30 Tage lauff\u00e4hig)<\/span><\/span><\/div>\n<div><span class=\"rvts8\" style=\"font-size: 12px;\">Gr\u00f6sse: ca. 40MB (alle Bedienungsanleitungen bereits enthalten)<\/span><\/div>\n<div><\/div>\n<div>\n<hr \/>\n<div><span class=\"ros_text\" style=\"font-size: 16px;\">Beta Versionen:<\/span><\/div>\n<div>&#8212;<\/div>\n<div><\/div>\n<hr \/>\n<div><span class=\"ros_text\" style=\"font-size: 16px;\">\u00c4ltere Versionen:<\/span><\/div>\n<div>\n<div><span style=\"font-size: 16px;\"><a href=\"http:\/\/www.ros-software.de\/download\/Teatro%205.8.1%20Setup.exe\">Teatro 5.8.1<\/a><\/span><\/div>\n<div><span style=\"font-size: 16px;\"><a href=\"http:\/\/www.ros-software.de\/download\/Teatro%204.9.3%20Setup.exe\">Teatro 4.9.3<\/a><\/span><\/div>\n<div><span style=\"font-size: 16px;\"><a href=\"http:\/\/www.ros-software.de\/download\/Teatro%204.8.8%20Setup.exe\">Teatro 4.8.8<\/a><\/span><\/div>\n<\/div>\n<div>\n<div><span style=\"font-size: 16px;\"><a href=\"http:\/\/www.ros-software.de\/download\/Teatro%204.8.7%20Setup.exe\">Teatro 4.8.7<\/a><\/span><\/div>\n<div><span style=\"font-size: 16px;\"><a href=\"http:\/\/www.ros-software.de\/download\/Teatro%204.8.6%20Setup.exe\">Teatro 4.8.6<\/a><\/span><\/div>\n<div><span style=\"font-size: 16px;\"><a href=\"http:\/\/www.ros-software.de\/download\/Teatro%204.8.5%20Setup.exe\">Teatro 4.8.5<\/a><\/span><\/div>\n<div><span style=\"font-size: 16px;\">\u00a0<\/span><\/div>\n<\/div>\n<hr \/>\n<p><span class=\"rvts48\" style=\"font-size: 16px;\">GPI\/O Treiber:<br \/>\n<\/span><span style=\"font-size: 16px;\"><a class=\"small blue awesome\" href=\"http:\/\/www.ros-software.de\/download\/GPIO_Teatro_3_4_5_for_Win7_8_10_11.zip\">F\u00fcr Teatro 3, 4, 5 und Windows 10\/11<\/a><\/span><\/p>\n<hr \/>\n<p><span class=\"rvts48\" style=\"font-size: 16px;\">Bedienungsanleitungen:<br \/>\n<span class=\"ros_text\" style=\"font-size: 16px;\"><a class=\"small blue awesome\" href=\"http:\/\/www.ros-software.de\/download\/Teatro%205%20Bedienungsanleitung.pdf\">Teatro Bedienungsanleitung v5.x (PDF)<\/a><\/span><br \/>\n<\/span><span class=\"rvts48\" style=\"font-size: 16px;\"><a class=\"small blue awesome\" href=\"http:\/\/www.ros-software.de\/download\/Teatro%204%20Bedienungsanleitung.pdf\">Teatro Bedienungsanleitung v4.x (PDF)<br \/>\n<\/a><\/span><span class=\"rvts48\" style=\"font-size: 16px;\"><a class=\"small blue awesome\" href=\"http:\/\/www.ros-software.de\/download\/Teatro%20Touchscreen%20TS-1%20D.PDF\">Bedienungsanleitung f\u00fcr Teatro Touchscreen TS-1 (PDF)<br \/>\n<\/a><\/span><span class=\"rvts48\" style=\"font-size: 16px;\"><a class=\"small blue awesome\" href=\"http:\/\/www.ros-software.de\/download\/Teatro%20Touchscreen%20TS-19%20D.PDF\">Bedienungsanleitung f\u00fcr Teatro Touchscreen TS-19 (PDF)<br \/>\n<\/a><\/span><span class=\"rvts48\" style=\"font-size: 16px;\"><a class=\"small blue awesome\" href=\"http:\/\/www.ros-software.de\/download\/Teatro%20X-Keys%20Fernbedienungen.pdf\">Bedienungsanleitung f\u00fcr Teatro X-Keys Fernbedienungen (PDF)<br \/>\n<\/a><\/span><span class=\"rvts48\" style=\"font-size: 16px;\"><a class=\"small blue awesome\" href=\"http:\/\/www.ros-software.de\/download\/Teatro%20X-Keys%20Fernbedienung%20und%20TD-1%20Display%20.pdf\">Bedienungsanleitung f\u00fcr Teatro X-Keys Controller und TD-1 Display (PDF)<br \/>\n<\/a><\/span><span class=\"rvts48\" style=\"font-size: 16px;\"><a class=\"small blue awesome\" href=\"http:\/\/www.ros-software.de\/download\/Teatro%20Remote%20TR-1%20D.PDF\">Bedienungsanleitung f\u00fcr Teatro\u00a0TR-1\u00a0Remote (PDF)<br \/>\n<\/a><\/span><span class=\"rvts48\" style=\"font-size: 16px;\"><a class=\"small blue awesome\" href=\"http:\/\/www.ros-software.de\/download\/Teatro%20Remote%20TR-2%20D.PDF\">Bedienungsanleitung f\u00fcr Teatro\u00a0TR-2\u00a0Remote (PDF)<br \/>\n<\/a><\/span><span style=\"font-size: 16px;\"><a class=\"small blue awesome\" href=\"http:\/\/www.ros-software.de\/download\/Teatro%20TR-3%20Bedienungsanleitung.PDF\">Bedienungsanleitung f\u00fcr Teatro\u00a0TR-3\u00a0Remote (PDF)<\/a><br \/>\n<a class=\"small blue awesome\" href=\"http:\/\/www.ros-software.de\/download\/Teatro%20TR-3%20Bedienungsanleitung.PDF\">Bedienungsanleitung f\u00fcr<\/a><a class=\"small blue awesome\" href=\"http:\/\/www.ros-software.de\/download\/Teatro%20TR-4%20Fernbedienung.PDF\"> Teatro TR-4 Remote (PDF)<\/a><\/span><span style=\"font-size: 16px;\"><a class=\"small blue awesome\" href=\"http:\/\/www.ros-software.de\/download\/Teatro%20JLC%20Rackshot%20Flyer.PDF\"><br \/>\n<\/a><a class=\"small blue awesome\" href=\"http:\/\/www.ros-software.de\/download\/Teatro%20JLC%20Rackshot%20Bedienungsanleitung.PDF\">Teatro JLC Rackshot Bedienungsanleitung (PDF)<\/a><\/span><\/p>\n<\/div>\n","protected":false},"excerpt":{"rendered":"<p>Teatro 5 f\u00fcr Windows 10\/11 (32\/64Bit): \u00a0 Teatro 5.9.0 (Ohne Lizenz ist diese Version ohne Einschr\u00e4nkungen f\u00fcr 30 Tage lauff\u00e4hig) Gr\u00f6sse: ca. 40MB (alle Bedienungsanleitungen bereits enthalten) Beta Versionen: &#8212; \u00c4ltere Versionen: Teatro 5.8.1 Teatro 4.9.3 Teatro 4.8.8 Teatro 4.8.7 Teatro 4.8.6 Teatro 4.8.5 \u00a0 GPI\/O Treiber: F\u00fcr Teatro 3, 4, 5 und Windows 10\/11 &hellip; <a href=\"https:\/\/www.ros-software.de\/wpcms\/de\/teatro-5-download-de\/\" class=\"more-link\">Continue reading <span class=\"screen-reader-text\">Teatro 5 Download<\/span><\/a><\/p>\n","protected":false},"author":2,"featured_media":0,"parent":0,"menu_order":0,"comment_status":"closed","ping_status":"closed","template":"","meta":{"footnotes":""},"class_list":["post-165","page","type-page","status-publish","hentry"],"_links":{"self":[{"href":"https:\/\/www.ros-software.de\/wpcms\/wp-json\/wp\/v2\/pages\/165","targetHints":{"allow":["GET"]}}],"collection":[{"href":"https:\/\/www.ros-software.de\/wpcms\/wp-json\/wp\/v2\/pages"}],"about":[{"href":"https:\/\/www.ros-software.de\/wpcms\/wp-json\/wp\/v2\/types\/page"}],"author":[{"embeddable":true,"href":"https:\/\/www.ros-software.de\/wpcms\/wp-json\/wp\/v2\/users\/2"}],"replies":[{"embeddable":true,"href":"https:\/\/www.ros-software.de\/wpcms\/wp-json\/wp\/v2\/comments?post=165"}],"version-history":[{"count":37,"href":"https:\/\/www.ros-software.de\/wpcms\/wp-json\/wp\/v2\/pages\/165\/revisions"}],"predecessor-version":[{"id":935,"href":"https:\/\/www.ros-software.de\/wpcms\/wp-json\/wp\/v2\/pages\/165\/revisions\/935"}],"wp:attachment":[{"href":"https:\/\/www.ros-software.de\/wpcms\/wp-json\/wp\/v2\/media?parent=165"}],"curies":[{"name":"wp","href":"https:\/\/api.w.org\/{rel}","templated":true}]}}